 by 67?
63
What is the remainder when 701 is divided by 37?
35
Calculate the remainder when 1330 is divided by 36.
34
What is the remainder when 215 is divided by 66?
17
What is the remainder when 172 is divided by 87?
85
What is the remainder when 3637 is divided by 35?
32
Calculate the remainder when 76 is divided by 67.
9
What is the remainder when 531 is divided by 183?
165
What is the remainder when 27 is divided by 16?
11
What is the remainder when 608 is divided by 300?
8
What is the remainder when 243 is divided by 233?
10
Calculate the remainder when 1012 is divided by 113.
108
What is the remainder when 140 is divided by 117?
23
Calculate the remainder when 20 is divided by 12.
8
Calculate the remainder when 756 is divided by 20.
16
Calculate the remainder when 242 is divided by 9.
8
Calculate the remainder when 804 is divided by 267.
3
What is the remainder when 6260 is divided by 241?
235
What is the remainder when 33 is divided by 22?
11
Calculate the remainder when 696 is divided by 165.
36
What is the remainder when 50 is divided by 3?
2
What is the remainder when 678 is divided by 241?
196
Calculate the remainder when 55 is divided by 32.
23
What is the remainder when 321 is divided by 27?
24
Calculate the remainder when 660 is divided by 163.
8
Calculate the remainder when 1044 is divided by 48.
36
Calculate the remainder when 1347 is divided by 29.
13
Calculate the remainder when 155 is divided by 57.
41
What is the remainder when 72 is divided by 11?
6
Calculate the remainder when 3498 is divided by 250.
248
What is the remainder when 268 is divided by 11?
4
Calculate the remainder when 279 is divided by 20.
19
Calculate the remainder when 219 is divided by 67.
18
Calculate the remainder when 687 is divided by 13.
11
Calculate the remainder when 3799 is divided by 152.
151
Calculate the remainder when 2114 is divided by 15.
14
What is the remainder when 131 is divided by 15?
11
Calculate the remainder when 157 is divided by 27.
22
Calculate the remainder when 110 is divided by 38.
34
Calculate the remainder when 140 is divided by 39.
23
What is the remainder when 364 is divided by 34?
24
Calculate the remainder when 154 is divided by 78.
76
What is the remainder when 138 is divided by 29?
22
Calculate the remainder when 333 is divided by 67.
65
What is the remainder when 166 is divided by 14?
12
What is the remainder when 128 is divided by 10?
8
What is the remainder when 665 is divided by 76?
57
Calculate the remainder when 197 is divided by 45.
17
What is the remainder when 453 is divided by 111?
9
Calculate the remainder when 343 is divided by 112.
7
Calculate the remainder when 447 is divided by 65.
57
What is the remainder when 49 is divided by 9?
4
What is the remainder when 242 is divided by 35?
32
What is the remainder when 6792 is divided by 45?
42
Calculate the remainder when 158 is divided by 46.
20
Calculate the remainder when 99 is divided by 91.
8
What is the remainder when 185 is divided by 39?
29
What is the remainder when 178 is divided by 53?
19
What is the remainder when 252 is divided by 124?
4
Calculate the remainder when 237 is divided by 72.
21
Calculate the remainder when 1647 is divided by 33.
30
What is the remainder when 3288 is divided by 70?
68
Calculate the remainder when 2619 is divided by 31.
15
Calculate the remainder when 181 is divided by 7.
6
Calculate the remainder when 980 is divided by 23.
14
What is the remainder when 7081 is divided by 92?
89
Calculate the remainder when 807 is divided by 90.
87
Calculate the remainder when 207 is divided by 9.
0
Calculate the remainder when 229 is divided by 6.
1
What is the remainder when 1778 is divided by 69?
53
What is the remainder when 133 is divided by 46?
41
Calculate the remainder when 1506 is divided by 1462.
44
Calculate the remainder when 1642 is divided by 615.
412
Calculate the remainder when 454 is divided by 92.
86
Calculate the remainder when 360 is divided by 11.
8
Calculate the remainder when 7072 is divided by 4.
0
Calculate the remainder when 1180 is divided by 586.
8
What is the remainder when 844 is divided by 22?
8
What is the remainder when 7138 is divided by 152?
146
Calculate the remainder when 392 is divided by 95.
12
What is the remainder when 19170 is divided by 295?
290
Calculate the remainder when 144 is divided by 3.
0
What is the remainder when 925 is divided by 461?
3
Calculate the remainder when 506 is divided by 51.
47
What is the remainder when 69 is divided by 32?
5
What is the remainder when 1049 is divided by 148?
13
What is the remainder when 168 is divided by 164?
4
Calculate the remainder when 3157 is divided by 158.
155
What is the remainder when 434 is divided by 111?
101
What is the remainder when 34 is divided by 12?
10
Calculate the remainder when 96 is divided by 34.
28
What is the remainder when 9029 is divided by 30?
29
Calculate the remainder when 61 is divided by 59.
2
What is the remainder when 850 is divided by 234?
148
Calculate the remainder when 189 is divided by 16.
13
Calculate the remainder when 186 is divided by 10.
6
What is the remainder when 49 is divided by 10?
9
Calculate the remainder when 316 is divided by 56.
36
What is the remainder when 85 is divided by 13?
7
What is the remainder when 36 is divided by 25?
11
Calculate the remainder when 109 is divided by 28.
25
What is the remainder when 1764 is divided by 347?
29
Calculate the remainder when 882 is divided by 109.
10
What is the remainder when 775 is divided by 43?
1
Calculate the remainder when 238 is divided by 20.
18
What is the remainder when 1078 is divided by 274?
256
Calculate the remainder when 10424 is divided by 22.
18
What is the remainder when 669 is divided by 163?
17
Calculate the remainder when 865 is divided by 17.
15
What is the remainder when 455 is divided by 160?
135
Calculate the remainder when 4 is divided by 1.
0
Calculate the remainder when 123 is divided by 70.
53
What is the remainder when 445 is divided by 95?
65
What is the remainder when 745 is divided by 57?
4
What is the remainder when 612 is divided by 299?
14
What is the remainder when 2461 is divided by 44?
41
What is the remainder when 169 is divided by 143?
26
Calculate the remainder when 12055 is divided by 36.
31
Calculate the remainder when 221 is divided by 8.
5
What is the remainder when 2102 is divided by 18?
14
What is the remainder when 119 is divided by 61?
58
Calculate the remainder when 52 is divided by 11.
8
What is the remainder when 6045 is divided by 144?
141
What is the remainder when 1272 is divided by 144?
120
Calculate the remainder when 399 is divided by 132.
3
What is the remainder when 185 is divided by 19?
14
What is the remainder when 6561 is divided by 17?
16
What is the remainder when 597 is divided by 264?
69
Calculate the remainder when 118 is divided by 47.
24
What is the remainder when 7240 is divided by 13?
12
Calculate the remainder when 1802 is divided by 19.
16
What is the remainder when 696 is divided by 16?
8
What is the remainder when 996 is divided by 166?
0
What is the remainder when 1213 is divided by 36?
25
What is the remainder when 489 is divided by 163?
0
What is the remainder when 1425 is divided by 181?
158
What is the remainder when 2138 is divided by 69?
68
Calculate the remainder when 110 is divided by 37.
36
What is the remainder when 377 is divided by 63?
62
What is the remainder when 101 is divided by 29?
14
What is the remainder when 40799 is divided by 48?
47
What is the remainder when 2218 is divided by 1100?
18
Calculate the remainder when 593 is divided by 11.
10
Calculate the remainder when 196 is divided by 51.
43
What is the remainder when 448 is divided by 10?
8
Calculate the remainder when 1897 is divided by 632.
1
Calculate the remainder when 571 is divided by 23.
19
Calculate the remainder when 76 is divided by 26.
24
What is the remainder when 113 is divided by 38?
37
What is the remainder when 3073 is divided by 53?
52
What is the remainder when 600 is divided by 154?
138
Calculate the remainder when 345 is divided by 70.
65
Calculate the remainder when 887 is divided by 401.
85
What is the remainder when 627 is divided by 14?
11
What is the remainder when 416 is divided 